{"id":60,"date":"2025-02-13T18:55:44","date_gmt":"2025-02-13T21:55:44","guid":{"rendered":"http:\/\/104.236.75.35\/?page_id=60"},"modified":"2025-02-20T06:52:07","modified_gmt":"2025-02-20T09:52:07","slug":"sobre-pupi","status":"publish","type":"page","link":"https:\/\/www.pupi.site\/index.php\/sobre-pupi\/","title":{"rendered":"Sobre P\u00fcPI"},"content":{"rendered":"<div class=\"vce-row-container\"><div class=\"vce-row vce-row--col-gap-30 vce-row-full-height vce-row-equal-height vce-row-columns--middle vce-row-content--middle\" data-vce-full-width=\"true\" id=\"el-51915ef3\" data-vce-do-apply=\"all el-51915ef3\"><div class=\"vce-row-content\" data-vce-element-content=\"true\"><div class=\"vce-col vce-col--md-50p vce-col--xs-1 vce-col--xs-last vce-col--xs-first vce-col--sm-last vce-col--sm-first vce-col--md-first vce-col--lg-first vce-col--xl-first\" id=\"el-5f17fa34\"><div class=\"vce-col-inner\" data-vce-do-apply=\"border margin background  el-5f17fa34\"><div class=\"vce-col-content\" data-vce-element-content=\"true\" data-vce-do-apply=\"padding el-5f17fa34\"><div class=\"vce-single-image-container vce-single-image--align-center\"><div class=\"vce vce-single-image-wrapper\" id=\"el-83a119fc\" data-vce-do-apply=\"all el-83a119fc\"><figure><div class=\"vce-single-image-figure-inner\" style=\"width: 1024px;\"><div class=\"vce-single-image-inner vce-single-image--absolute vce-single-image--border-rounded\" style=\"width: 100%; padding-bottom: 90.625%;\"><img loading=\"lazy\" decoding=\"async\" class=\"vce-single-image\"  width=\"1024\" height=\"928\" srcset=\"https:\/\/www.pupi.site\/wp-content\/uploads\/2025\/02\/sobre_pupi_1-1024x928.png 1024w, https:\/\/www.pupi.site\/wp-content\/uploads\/2025\/02\/sobre_pupi_1-320x290.png 320w, https:\/\/www.pupi.site\/wp-content\/uploads\/2025\/02\/sobre_pupi_1-480x435.png 480w, https:\/\/www.pupi.site\/wp-content\/uploads\/2025\/02\/sobre_pupi_1-800x725.png 800w\" src=\"https:\/\/www.pupi.site\/wp-content\/uploads\/2025\/02\/sobre_pupi_1-1024x928.png\" data-img-src=\"https:\/\/www.pupi.site\/wp-content\/uploads\/2025\/02\/sobre_pupi_1.png\" data-attachment-id=\"71\"  alt=\"\" title=\"sobre_pupi_1\" \/><\/div><\/div><figcaption hidden=\"\"><\/figcaption><\/figure><\/div><\/div><\/div><\/div><\/div><div class=\"vce-col vce-col--md-50p vce-col--xs-1 vce-col--xs-last vce-col--xs-first vce-col--sm-last vce-col--sm-first vce-col--md-last vce-col--lg-last vce-col--xl-last\" id=\"el-df4aa915\"><div class=\"vce-col-inner\" data-vce-do-apply=\"border margin background  el-df4aa915\"><div class=\"vce-col-content\" data-vce-element-content=\"true\" data-vce-do-apply=\"padding el-df4aa915\"><div class=\"vce-text-block\"><div class=\"vce-text-block-wrapper vce\" id=\"el-5ec54263\" data-vce-do-apply=\"all el-5ec54263\"><p><span style=\"color: #aaaaaa;\">P\u00fcPI para conductores<\/span><\/p><\/div><\/div><div class=\"vce-text-block\"><div class=\"vce-text-block-wrapper vce\" id=\"el-bcf81b45\" data-vce-do-apply=\"all el-bcf81b45\"><h2>Hoy estacionar es\u2026<br>simple y accesible<\/h2><p>Eleg\u00ed el estacionamiento m\u00e1s econ\u00f3mico en la app y agiliz\u00e1 tu d\u00eda \u00a1sin vueltas!. En P\u00fcPI te ayudamos a gestionar d\u00f3nde estacionar y colaborar con el espacio urbano<\/p><\/div><\/div><div class=\"vce-single-image-container vce-single-image--align-center\"><div class=\"vce vce-single-image-wrapper\" id=\"el-98f24a3b\" data-vce-do-apply=\"all el-98f24a3b\"><figure><div class=\"vce-single-image-figure-inner\" style=\"width: 428px;\"><div class=\"vce-single-image-inner vce-single-image--absolute\" style=\"width: 100%; padding-bottom: 97.6636%;\"><img loading=\"lazy\" decoding=\"async\" class=\"vce-single-image\"  width=\"428\" height=\"418\" srcset=\"https:\/\/www.pupi.site\/wp-content\/uploads\/2025\/02\/cartelito-320x313.png 320w, https:\/\/www.pupi.site\/wp-content\/uploads\/2025\/02\/cartelito-428x418.png 428w\" src=\"https:\/\/www.pupi.site\/wp-content\/uploads\/2025\/02\/cartelito-428x418.png\" data-img-src=\"https:\/\/www.pupi.site\/wp-content\/uploads\/2025\/02\/cartelito.png\" data-attachment-id=\"68\"  alt=\"cartelito\" title=\"cartelito\" \/><\/div><\/div><figcaption hidden=\"\"><\/figcaption><\/figure><\/div><\/div><\/div><\/div><\/div><\/div><\/div><\/div><div class=\"vce-row-container\"><div class=\"vce-row vce-row--col-gap-30 vce-row-full-height vce-row-equal-height vce-row-columns--middle vce-row-content--middle\" data-vce-full-width=\"true\" id=\"el-7c50011e\" data-vce-do-apply=\"all el-7c50011e\"><div class=\"vce-content-background-container\"><\/div><div class=\"vce-row-content\" data-vce-element-content=\"true\"><div class=\"vce-col vce-col--md-50p vce-col--xs-1 vce-col--xs-last vce-col--xs-first vce-col--sm-last vce-col--sm-first vce-col--md-first vce-col--lg-first vce-col--xl-first\" id=\"el-1cf4a8b5\"><div class=\"vce-col-inner\" data-vce-do-apply=\"border margin background  el-1cf4a8b5\"><div class=\"vce-col-content\" data-vce-element-content=\"true\" data-vce-do-apply=\"padding el-1cf4a8b5\"><div class=\"vce-text-block\"><div class=\"vce-text-block-wrapper vce\" id=\"el-21ef84dd\" data-vce-do-apply=\"all el-21ef84dd\"><p><span style=\"color: #aaaaaa;\">P\u00fcPI para colaboradores<\/span><\/p><\/div><\/div><div class=\"vce-text-block\"><div class=\"vce-text-block-wrapper vce\" id=\"el-bb1b5c0e\" data-vce-do-apply=\"all el-bb1b5c0e\"><h2>\u00a1Sumate como PUPER!<br>Ayud\u00e1 a estacionar y gan\u00e1<\/h2><p>Con P\u00fcPI, tu rol como colaborador de tr\u00e1nsito tiene m\u00e1s beneficios. Creamos un sistema para que personas avaladas por entes p\u00fablicos y privados gestionen estacionamientos habilitados, a cambio de ingresos semanales<br>M\u00e1s control, m\u00e1s ganancias.<\/p><\/div><\/div><div class=\"vce-single-image-container vce-single-image--align-center\"><div class=\"vce vce-single-image-wrapper\" id=\"el-3cf61a8f\" data-vce-do-apply=\"all el-3cf61a8f\"><figure><div class=\"vce-single-image-figure-inner\" style=\"width: 450px;\"><div class=\"vce-single-image-inner vce-single-image--absolute\" style=\"width: 100%; padding-bottom: 110.667%;\"><img loading=\"lazy\" decoding=\"async\" class=\"vce-single-image\"  width=\"450\" height=\"498\" srcset=\"https:\/\/www.pupi.site\/wp-content\/uploads\/2025\/02\/conito-1-320x354.png 320w, https:\/\/www.pupi.site\/wp-content\/uploads\/2025\/02\/conito-1-450x498.png 450w\" src=\"https:\/\/www.pupi.site\/wp-content\/uploads\/2025\/02\/conito-1-450x498.png\" data-img-src=\"https:\/\/www.pupi.site\/wp-content\/uploads\/2025\/02\/conito-1.png\" data-attachment-id=\"111\"  alt=\"conito\" title=\"conito\" \/><\/div><\/div><figcaption hidden=\"\"><\/figcaption><\/figure><\/div><\/div><\/div><\/div><\/div><div class=\"vce-col vce-col--md-50p vce-col--xs-1 vce-col--xs-last vce-col--xs-first vce-col--sm-last vce-col--sm-first vce-col--md-last vce-col--lg-last vce-col--xl-last\" id=\"el-013c5e2b\"><div class=\"vce-col-inner\" data-vce-do-apply=\"border margin background  el-013c5e2b\"><div class=\"vce-col-content\" data-vce-element-content=\"true\" data-vce-do-apply=\"padding el-013c5e2b\"><div class=\"vce-single-image-container vce-single-image--align-left\"><div class=\"vce vce-single-image-wrapper\" id=\"el-dd16193b\" data-vce-do-apply=\"all el-dd16193b\"><figure><div class=\"vce-single-image-figure-inner\" style=\"width: 1024px;\"><div class=\"vce-single-image-inner vce-single-image--absolute\" style=\"width: 100%; padding-bottom: 95.2148%;\"><img loading=\"lazy\" decoding=\"async\" class=\"vce-single-image\"  width=\"1024\" height=\"975\" srcset=\"https:\/\/www.pupi.site\/wp-content\/uploads\/2025\/02\/sobre_pupi_2-1024x975.png 1024w, https:\/\/www.pupi.site\/wp-content\/uploads\/2025\/02\/sobre_pupi_2-320x305.png 320w, https:\/\/www.pupi.site\/wp-content\/uploads\/2025\/02\/sobre_pupi_2-480x457.png 480w, https:\/\/www.pupi.site\/wp-content\/uploads\/2025\/02\/sobre_pupi_2-800x762.png 800w\" src=\"https:\/\/www.pupi.site\/wp-content\/uploads\/2025\/02\/sobre_pupi_2-1024x975.png\" data-img-src=\"https:\/\/www.pupi.site\/wp-content\/uploads\/2025\/02\/sobre_pupi_2.png\" data-attachment-id=\"70\"  alt=\"\" title=\"sobre_pupi_2\" \/><\/div><\/div><figcaption hidden=\"\"><\/figcaption><\/figure><\/div><\/div><\/div><\/div><\/div><\/div><\/div><\/div>\n","protected":false},"excerpt":{"rendered":"<p>P\u00fcPI para conductoresHoy estacionar es\u2026simple y accesibleEleg\u00ed el estacionamiento m\u00e1s econ\u00f3mico en la app y agiliz\u00e1 tu d\u00eda \u00a1sin vueltas!. [&hellip;]<\/p>\n","protected":false},"author":1,"featured_media":0,"parent":0,"menu_order":1,"comment_status":"closed","ping_status":"closed","template":"","meta":{"site-sidebar-layout":"default","site-content-layout":"","ast-site-content-layout":"default","site-content-style":"default","site-sidebar-style":"default","ast-global-header-display":"","ast-banner-title-visibility":"","ast-main-header-display":"","ast-hfb-above-header-display":"","ast-hfb-below-header-display":"","ast-hfb-mobile-header-display":"","site-post-title":"","ast-breadcrumbs-content":"","ast-featured-img":"","footer-sml-layout":"","ast-disable-related-posts":"","theme-transparent-header-meta":"default","adv-header-id-meta":"","stick-header-meta":"","header-above-stick-meta":"","header-main-stick-meta":"","header-below-stick-meta":"","astra-migrate-meta-layouts":"set","ast-page-background-enabled":"default","ast-page-background-meta":{"desktop":{"background-color":"var(--ast-global-color-5)","background-image":"","background-repeat":"repeat","background-position":"center center","background-size":"auto","background-attachment":"scroll","background-type":"","background-media":"","overlay-type":"","overlay-color":"","overlay-opacity":"","overlay-gradient":""},"tablet":{"background-color":"","background-image":"","background-repeat":"repeat","background-position":"center center","background-size":"auto","background-attachment":"scroll","background-type":"","background-media":"","overlay-type":"","overlay-color":"","overlay-opacity":"","overlay-gradient":""},"mobile":{"background-color":"","background-image":"","background-repeat":"repeat","background-position":"center center","background-size":"auto","background-attachment":"scroll","background-type":"","background-media":"","overlay-type":"","overlay-color":"","overlay-opacity":"","overlay-gradient":""}},"ast-content-background-meta":{"desktop":{"background-color":"var(--ast-global-color-4)","background-image":"","background-repeat":"repeat","background-position":"center center","background-size":"auto","background-attachment":"scroll","background-type":"","background-media":"","overlay-type":"","overlay-color":"","overlay-opacity":"","overlay-gradient":""},"tablet":{"background-color":"var(--ast-global-color-4)","background-image":"","background-repeat":"repeat","background-position":"center center","background-size":"auto","background-attachment":"scroll","background-type":"","background-media":"","overlay-type":"","overlay-color":"","overlay-opacity":"","overlay-gradient":""},"mobile":{"background-color":"var(--ast-global-color-4)","background-image":"","background-repeat":"repeat","background-position":"center center","background-size":"auto","background-attachment":"scroll","background-type":"","background-media":"","overlay-type":"","overlay-color":"","overlay-opacity":"","overlay-gradient":""}},"footnotes":""},"class_list":["post-60","page","type-page","status-publish","hentry"],"_links":{"self":[{"href":"https:\/\/www.pupi.site\/index.php\/wp-json\/wp\/v2\/pages\/60","targetHints":{"allow":["GET"]}}],"collection":[{"href":"https:\/\/www.pupi.site\/index.php\/wp-json\/wp\/v2\/pages"}],"about":[{"href":"https:\/\/www.pupi.site\/index.php\/wp-json\/wp\/v2\/types\/page"}],"author":[{"embeddable":true,"href":"https:\/\/www.pupi.site\/index.php\/wp-json\/wp\/v2\/users\/1"}],"replies":[{"embeddable":true,"href":"https:\/\/www.pupi.site\/index.php\/wp-json\/wp\/v2\/comments?post=60"}],"version-history":[{"count":14,"href":"https:\/\/www.pupi.site\/index.php\/wp-json\/wp\/v2\/pages\/60\/revisions"}],"predecessor-version":[{"id":115,"href":"https:\/\/www.pupi.site\/index.php\/wp-json\/wp\/v2\/pages\/60\/revisions\/115"}],"wp:attachment":[{"href":"https:\/\/www.pupi.site\/index.php\/wp-json\/wp\/v2\/media?parent=60"}],"curies":[{"name":"wp","href":"https:\/\/api.w.org\/{rel}","templated":true}]}}