{"id":63,"date":"2025-02-13T18:57:30","date_gmt":"2025-02-13T21:57:30","guid":{"rendered":"http:\/\/104.236.75.35\/?page_id=63"},"modified":"2025-06-23T18:50:02","modified_gmt":"2025-06-23T21:50:02","slug":"preguntas-frecuentes","status":"publish","type":"page","link":"https:\/\/www.pupi.site\/index.php\/preguntas-frecuentes\/","title":{"rendered":"Preguntas frecuentes"},"content":{"rendered":"<div class=\"vce-row-container\"><div class=\"vce-row vce-element--has-background vce-row--col-gap-30 vce-row-full-height vce-row-equal-height vce-row-columns--top vce-row-content--top\" data-vce-full-width=\"true\" id=\"el-037fb2cb\" data-vce-do-apply=\"all el-037fb2cb\"><div class=\"vce-content-background-container\"><\/div><div class=\"vce-row-content\" data-vce-element-content=\"true\"><div class=\"vce-col vce-col--md-auto vce-col--xs-1 vce-col--xs-last vce-col--xs-first vce-col--sm-last vce-col--sm-first vce-col--md-last vce-col--lg-last vce-col--xl-last vce-col--md-first vce-col--lg-first vce-col--xl-first\" id=\"el-67c9b9a7\"><div class=\"vce-col-inner\" data-vce-do-apply=\"border margin background  el-67c9b9a7\"><div class=\"vce-col-content\" data-vce-element-content=\"true\" data-vce-do-apply=\"padding el-67c9b9a7\"><div class=\"vce-text-block\"><div class=\"vce-text-block-wrapper vce\" id=\"el-c72f3e79\" data-vce-do-apply=\"all el-c72f3e79\"><h2 style=\"text-align: center;\">Preguntas frecuentes<\/h2><\/div><\/div><div class=\"vce-text-block\"><div class=\"vce-text-block-wrapper vce\" id=\"el-460edb75\" data-vce-do-apply=\"all el-460edb75\"><p><strong>\u00bfQu\u00e9 es P\u00fcPI?<\/strong><br>P\u00fcPI es una app que act\u00faa como una Plataforma Urbana de Parking Integrador. Aporta a la gesti\u00f3n del espacio urbano dedicado al estacionamiento y a la integraci\u00f3n social de actores p\u00fablicos y privados.<\/p><\/div><\/div><div class=\"vce-text-block\"><div class=\"vce-text-block-wrapper vce\" id=\"el-8effb377\" data-vce-do-apply=\"all el-8effb377\"><p><strong>\u00bfC\u00f3mo funciona P\u00fcPI?<\/strong><br>Funciona en cualquier dispositivo Apple o Android facilitando la b\u00fasqueda, reserva y pago de estacionamientos disponibles en una ciudad.<\/p><\/div><\/div><div class=\"vce-text-block\"><div class=\"vce-text-block-wrapper vce\" id=\"el-0878e61a\" data-vce-do-apply=\"all el-0878e61a\"><p><strong>Qu\u00e9 rol cumple un \u201cPUPER\u201d<\/strong><br>El rol de un \u201cPUPER\u201d es designado por entidades p\u00fablicas y privadas que registran a este como un facilitador del orden en el espacio urbano de tu ciudad. Tienen a su cargo la gesti\u00f3n de una cuadra destinada a estacionamiento.<\/p><\/div><\/div><div class=\"vce-text-block\"><div class=\"vce-text-block-wrapper vce\" id=\"el-6c6a9bb5\" data-vce-do-apply=\"all el-6c6a9bb5\"><p><strong>\u00bfPuedo estacionar sin ayuda de un \u201cPUPER\u201d?<\/strong><br>S\u00ed, en la app podes autogestionar tu estacionamiento o solicitar ayuda a un colaborador de tr\u00e1nsito.<\/p><\/div><\/div><\/div><\/div><\/div><\/div><\/div><\/div>\n","protected":false},"excerpt":{"rendered":"<p>Preguntas frecuentes\u00bfQu\u00e9 es P\u00fcPI?P\u00fcPI es una app que act\u00faa como una Plataforma Urbana de Parking Integrador. Aporta a la gesti\u00f3n [&hellip;]<\/p>\n","protected":false},"author":1,"featured_media":0,"parent":0,"menu_order":2,"comment_status":"closed","ping_status":"closed","template":"","meta":{"site-sidebar-layout":"default","site-content-layout":"","ast-site-content-layout":"default","site-content-style":"default","site-sidebar-style":"default","ast-global-header-display":"","ast-banner-title-visibility":"","ast-main-header-display":"","ast-hfb-above-header-display":"","ast-hfb-below-header-display":"","ast-hfb-mobile-header-display":"","site-post-title":"","ast-breadcrumbs-content":"","ast-featured-img":"","footer-sml-layout":"","ast-disable-related-posts":"","theme-transparent-header-meta":"","adv-header-id-meta":"","stick-header-meta":"","header-above-stick-meta":"","header-main-stick-meta":"","header-below-stick-meta":"","astra-migrate-meta-layouts":"default","ast-page-background-enabled":"default","ast-page-background-meta":{"desktop":{"background-color":"var(--ast-global-color-5)","background-image":"","background-repeat":"repeat","background-position":"center center","background-size":"auto","background-attachment":"scroll","background-type":"","background-media":"","overlay-type":"","overlay-color":"","overlay-opacity":"","overlay-gradient":""},"tablet":{"background-color":"","background-image":"","background-repeat":"repeat","background-position":"center center","background-size":"auto","background-attachment":"scroll","background-type":"","background-media":"","overlay-type":"","overlay-color":"","overlay-opacity":"","overlay-gradient":""},"mobile":{"background-color":"","background-image":"","background-repeat":"repeat","background-position":"center center","background-size":"auto","background-attachment":"scroll","background-type":"","background-media":"","overlay-type":"","overlay-color":"","overlay-opacity":"","overlay-gradient":""}},"ast-content-background-meta":{"desktop":{"background-color":"var(--ast-global-color-4)","background-image":"","background-repeat":"repeat","background-position":"center center","background-size":"auto","background-attachment":"scroll","background-type":"","background-media":"","overlay-type":"","overlay-color":"","overlay-opacity":"","overlay-gradient":""},"tablet":{"background-color":"var(--ast-global-color-4)","background-image":"","background-repeat":"repeat","background-position":"center center","background-size":"auto","background-attachment":"scroll","background-type":"","background-media":"","overlay-type":"","overlay-color":"","overlay-opacity":"","overlay-gradient":""},"mobile":{"background-color":"var(--ast-global-color-4)","background-image":"","background-repeat":"repeat","background-position":"center center","background-size":"auto","background-attachment":"scroll","background-type":"","background-media":"","overlay-type":"","overlay-color":"","overlay-opacity":"","overlay-gradient":""}},"footnotes":""},"class_list":["post-63","page","type-page","status-publish","hentry"],"_links":{"self":[{"href":"https:\/\/www.pupi.site\/index.php\/wp-json\/wp\/v2\/pages\/63","targetHints":{"allow":["GET"]}}],"collection":[{"href":"https:\/\/www.pupi.site\/index.php\/wp-json\/wp\/v2\/pages"}],"about":[{"href":"https:\/\/www.pupi.site\/index.php\/wp-json\/wp\/v2\/types\/page"}],"author":[{"embeddable":true,"href":"https:\/\/www.pupi.site\/index.php\/wp-json\/wp\/v2\/users\/1"}],"replies":[{"embeddable":true,"href":"https:\/\/www.pupi.site\/index.php\/wp-json\/wp\/v2\/comments?post=63"}],"version-history":[{"count":11,"href":"https:\/\/www.pupi.site\/index.php\/wp-json\/wp\/v2\/pages\/63\/revisions"}],"predecessor-version":[{"id":214,"href":"https:\/\/www.pupi.site\/index.php\/wp-json\/wp\/v2\/pages\/63\/revisions\/214"}],"wp:attachment":[{"href":"https:\/\/www.pupi.site\/index.php\/wp-json\/wp\/v2\/media?parent=63"}],"curies":[{"name":"wp","href":"https:\/\/api.w.org\/{rel}","templated":true}]}}